 is the tens digit of q?
2
Suppose -4*p + 11 = -3*u, -2*p + 4*u = -0*p - 8. Suppose -p*j + 15 = 3*j. Suppose 0 = -j*n - 5*b + 4, 2*n = -0*n - 4*b. What is the units digit of n?
8
Suppose 2*x + 16 = x + 5*h, 0 = -2*x - h + 12. Suppose 30 = 4*j - 3*a + 2, -j - x*a = -7. Let w = j + -2. What is the units digit of w?
5
Suppose 1 = n - 1. Suppose u = -4, c - 4*c = n*u - 10. What is the units digit of 11/3 - c/9?
3
Let w(n) be the first derivative of -n**3/3 - 6*n**2 + 18*n - 5. What is the units digit of w(-13)?
5
Let k(n) = n + 4. Let g be k(-4). Let o(s) = -s**3 - s**2 + 13. What is the tens digit of o(g)?
1
Suppose 10 = -5*r + 5*p + 60, 2*r - p = 22. Suppose -r = -5*n + v - 3*v, -24 = -2*n + 4*v. Suppose 0 = n*j - j - 15. What is the units digit of j?
5
Let h be (-2 - 1)/(-1) - 0. Suppose 0 = u - 1 - h. Suppose -2 - 22 = -u*k. What is the units digit of k?
6
Let d be (-1233)/(-18) + 1/2. Suppose -5*f + 38 = 4*t, -d = -5*t - 2*f - 13. What is the units digit of t?
2
Suppose -3*p - 5*o + 911 = 0, 2*o - 620 = -2*p + 5*o. What is the units digit of p?
7
Let v(a) be the first derivative of a**3/3 - 5*a**2/2 + 6*a + 4. What is the units digit of v(5)?
6
Let l(n) = -n + 2. Let g be l(-2). Suppose -64 = -0*x + g*x. Let d = 24 + x. What is the units digit of d?
8
What is the units digit of (71/(-5))/((-20)/50)*2?
1
Let z = 42 + -27. What is the units digit of z?
5
Suppose -3*s - 18 = -3*r, 0 = -4*s + 2*r + 2 - 18. Let q be (-5)/3 - s/(-6). What is the units digit of q/(-1) - (-3 - 1)?
6
Let o(m) = m. Let i(d) = 3*d + 9. Let f(j) = -i(j) + 4*o(j). What is the units digit of f(10)?
1
Suppose -102 = -3*v + 18. Suppose -f - 2*f + v = 4*j, 4*j + 4*f - 40 = 0. What is the units digit of j?
0
Suppose 23 - 71 = -3*d. Suppose -3*o = o - d. Suppose -w = o - 14. What is the tens digit of w?
1
What is the units digit of (3 - (-4 + 69))/(-1)?
2
Suppose 0 = -n - 3*n + 4. What is the units digit of 1 - -2 - (-1 - n)?
5
Let y be -3 - (2/2 + 1). Let z be 9*(-1 + (1 - 1)). Let v = y - z. What is the units digit of v?
4
Let c(p) = p**2 + 10*p + 1. Let v be c(-13). Suppose -125 + v = -5*t. What is the units digit of t?
7
Suppose y + 0*y - 17 = 0. Suppose -4 = g + 4. Let a = g + y. What is the units digit of a?
9
Let f = 6 + -3. Suppose f*t - 4 - 2 = 0. Suppose 0 = -5*z, 0 = -5*p - z + t*z + 30. What is the units digit of p?
6
Let d(a) = a**3 - 14*a**2 - 10*a - 12. What is the units digit of d(15)?
3
Suppose 3*h + 286 = 4*w + h, -4*h = 3*w - 198. What is the units digit of w?
0
Let a(q) = -9*q - 33. What is the units digit of a(-15)?
2
Suppose 2*l - 134 = 8. What is the tens digit of l?
7
Suppose 0 = -4*z + g - 5, 2*z - 2*g - g + 15 = 0. Let l(h) = 2 - h - 3*h**3 + 2*h + 2*h**3. What is the units digit of l(z)?
2
Let k(m) = -m**2 + 7*m + 4. Let z(x) = -x**3 + 7*x**2 + 8*x + 7. Let y be z(8). What is the units digit of k(y)?
4
Let c(u) = 3*u - 2. Let b be c(-7). Let o = b + 34. What is the tens digit of o?
1
Suppose 4*a = -20, 0 = -5*o - 0*o + a + 30. What is the units digit of o?
5
Let i(v) = -v**3 + 4*v**2 + v + 2. Let j be i(4). Let t be j/(-9) - (-11)/3. What is the units digit of 6/(-4)*(-6)/t?
3
Suppose 0 = -0*b - b. Suppose 3*k = 5*z - k - 14, b = 3*z + k - 5. Suppose z*r - 10 = -0*r. What is the units digit of r?
5
Suppose -3*c = 3*k - 27, 5*k - 3*k = -4. What is the tens digit of c?
1
What is the units digit of (-216)/(-8) - (0 - (3 - 0))?
0
What is the tens digit of (12/9)/((-4)/(-132))?
4
Let f be -3*3/(-9) - -82. Suppose 0 = 3*z + 4*t - f, -2*t - 2*t = -z + 17. What is the units digit of z?
5
Let z(n) = -11*n - 3. What is the tens digit of z(-8)?
8
Suppose -k + 145 = 41. What is the units digit of k?
4
Let c(x) = x**2 + 9*x + 5. Let p be c(-8). Let k = p + 6. Suppose k*u - 6 = 0, -2*o - u = 4*u - 34. What is the tens digit of o?
1
Let j = -4 - -3. Let x = 4 + j. Suppose 2*y = -x*y + 25, 2*t - y = -3. What is the units digit of t?
1
Let q = -4 - -28. What is the tens digit of q?
2
Suppose -2*b = 4*i - 55 - 395, -5*b + 1103 = -i. What is the units digit of b?
1
Suppose 0 = u + 4, -i + 4*u - 11 = 2*u. Let h = -11 - i. What is the units digit of h?
8
What is the tens digit of -2 - ((-8)/(-4) - 60)?
5
Suppose 1 = -2*j + n, -2*j = 5*n + 1 - 30. Suppose -2*p = -3*p + j. What is the units digit of p?
2
Suppose 4*d - 8 - 4 = 0. What is the units digit of d?
3
Let v = -19 - -42. What is the units digit of v?
3
Let x(f) = -f + 2. Let a be x(0). Let r(j) = -j**2 + 11*j - 12. Let t be r(8). Suppose -v + 3 = -k - 0, -v - a*k + t = 0. What is the units digit of v?
6
Suppose 0 = 6*l - 5*l - 305. What is the units digit of l?
5
Let z be (-1)/4 + (-45)/(-4). Let r = -2 + z. Suppose r = 3*n - 9. What is the units digit of n?
6
Suppose 0 = 5*z - 3*z + 4*h - 104, -4*z + 3*h = -219. Suppose 0 = 2*l - t - z, 0*l - l - t + 24 = 0. What is the units digit of l?
6
Let a = 180 + -109. What is the tens digit of a?
7
Let q = -228 + 452. What is the units digit of q?
4
Suppose -6 = 3*g - 0*g. Let h(p) = 0 + 4*p**3 + 1 - 5*p**3 - 2*p**2. What is the units digit of h(g)?
1
Suppose -4*l + 236 = -4*y, 3*l + 4*y = 4*l - 59. What is the tens digit of l?
5
Let y = -201 - -292. What is the units digit of y?
1
Let q = -62 - -130. What is the tens digit of q?
6
Suppose -2*j + 5*d = -0 + 23, -j - 6 = 3*d. Let v(h) = -h**3 - 10*h**2 - 8*h + 7. Let p be v(j). What is the units digit of 1/p*12/(-3)?
2
Let x(z) = -z**3 - 5*z**2 - 2*z - 10. Let q be x(-5). Suppose 0 = -u - 0*v + 3*v + 5, q = -4*u - 3*v + 20. What is the units digit of u?
5
Let k be (-7)/(-14)*(11 + -1). Suppose 0*g + 10 = k*g. What is the units digit of 0/((-4)/g) + 9?
9
Let u = -2 - -2. Let k be -2*-2*4/(-16). Let s = u - k. What is the units digit of s?
1
Suppose -5*n - 2*q = -10 - 6, 4*n = -4*q + 8. Let m be (6 - 1)*16/5. Suppose 5*v - m = n. What is the units digit of v?
4
Suppose -99 + 37 = -2*k. What is the tens digit of k?
3
Suppose 2*d - 1103 = -2*d + 3*f, 0 = -3*d + 5*f + 830. What is the units digit of d?
5
What is the units digit of (-4)/5 + (-1704)/(-30)?
6
Let c be (1 + 1)*-1 + 1. What is the units digit of -9*1/3*c?
3
Let q(z) = z + 7. Let n be q(-7). Suppose -3*t + 103 + 20 = n. What is the units digit of t?
1
Suppose 6*h - 3*h - 372 = -2*r, -3*r + 558 = -h. What is the tens digit of r?
8
Let o = -161 + 234. What is the units digit of o?
3
Suppose -3*b = -0*n + 3*n - 9, -b = 0. Let s = 6 - n. Suppose -s*m = -2*z + 19, 2*z + 12 = -2*z - 4*m. What is the units digit of z?
2
Suppose 70 = 4*q - 5*j, 3*q + 0*j - 41 = -2*j. Suppose -h - q = -6*h. What is the units digit of 4 - (0 + h + -3)?
4
Let k be (-10)/4*20/(-25). Let d(q) = 3*q**3 - 2*q + 1. What is the tens digit of d(k)?
2
Let k = 83 + -47. What is the tens digit of k?
3
Suppose -5*r + 485 = 5*w, 2*w + 206 = -0*r + 2*r. What is the hundreds digit of r?
1
Let o(z) = 58*z**2 + 8*z + 1. What is the tens digit of o(-2)?
1
Suppose 4*k - 10*k + 318 = 0. What is the units digit of k?
3
What is the units digit of 1/(4 - (-972)/(-244))?
1
Let o(y) = -y**2 + 7*y - 7. Let i be o(5). Suppose 2*h - 53 = -i*a, 3*a - 2*h - 83 = 2*h. What is the tens digit of a?
2
Let b(v) = -v**3 - 8*v**2 + v + 11. Let w be b(-8). Suppose 13 - w = 2*h. What is the units digit of h?
5
Let v(u) = 5*u**2 - 8*u + 18. What is the units digit of v(4)?
6
Let s(h) = h**2 + 9*h + 9. Let y be 140/(-18) + (-14)/63. What is the units digit of s(y)?
1
Let t = -3 - -39. What is the units digit of t?
6
Let v(y) = 99*y**3. What is the tens digit of v(1)?
9
Let r(v) = -5*v**3 + 2*v**2 + v - 1. Let n be r(-2). Suppose -n = -5*p - 3*j, -5*p + 45 = 2*j - 5*j. What is the units digit of p?
9
What is the units digit of 111*(-8)/36*-6?
8
Let p(g) = -g + 4. Suppose 14 = k - 3*k. Let y = k + 2. What is the units digit of p(y)?
9
Suppose -42 + 7 = -5*m + t, 4*t - 4 = 2*m. Let n be 11/2 + (-4)/8. Suppose -22 - m = -n*g. What is the units digit of g?
6
Let j(y) = -20*y - 12. Let p(l) = -7*l - 4. Let d(o) = 6*j(o) - 17*p(o). Let x be d(-8). Suppose 0 + x = 4*b. What is the units digit of b?
1
Suppose 131 + 89 = 5*j. What is the units digit of j?
4
Suppose 131 = 4*s + 15. Let o = -1 + s. What is the tens digit of o?
2
Let b = -65 - -233. Suppose r = 5*r - b. What is the tens digit of r?
4
Let h(k) be the second derivative of k**5/2